factors of 144228815?
5, 97, 347, 857
List the prime factors of 1015633322.
2, 11, 79, 311, 1879
List the prime factors of 297598261.
29, 10262009
List the prime factors of 534552428.
2, 73, 1830659
List the prime factors of 162944278.
2, 7, 11638877
List the prime factors of 250857279.
3, 29, 961139
What are the prime factors of 89959279?
23, 3911273
List the prime factors of 2738575990.
2, 5, 273857599
What are the prime factors of 2329163?
61, 38183
What are the prime factors of 523465927?
421, 1243387
What are the prime factors of 23172762?
2, 3, 151, 25577
List the prime factors of 648738966.
2, 3, 23, 4701007
List the prime factors of 311615786.
2, 1877, 83009
What are the prime factors of 2430311?
13, 186947
What are the prime factors of 946366297?
2297, 412001
What are the prime factors of 36145244?
2, 9036311
List the prime factors of 2128496210.
2, 5, 79, 2694299
List the prime factors of 326970879.
3, 108990293
What are the prime factors of 244853101?
23, 2087, 5101
List the prime factors of 127300786.
2, 63650393
What are the prime factors of 1384555785?
3, 5, 83, 1112093
What are the prime factors of 73411425?
3, 5, 83, 3931
List the prime factors of 151256057.
71, 2130367
What are the prime factors of 1552796020?
2, 5, 37, 67, 31319
What are the prime factors of 209637291?
3, 2543, 27479
List the prime factors of 2111944037.
7, 31, 101, 173, 557
List the prime factors of 116327367.
3, 13, 19, 17443
List the prime factors of 173127897.
3, 131, 146843
List the prime factors of 147652794.
2, 3, 911437
What are the prime factors of 142033111?
11, 12912101
What are the prime factors of 402099247?
11, 137, 266821
List the prime factors of 101346821.
151, 277, 2423
List the prime factors of 277692498.
2, 3, 15427361
List the prime factors of 82393855.
5, 137, 120283
List the prime factors of 1070966877.
3, 349, 1022891
List the prime factors of 16671089.
16671089
What are the prime factors of 199290954?
2, 3, 37, 897707
What are the prime factors of 3174311190?
2, 3, 5, 19, 23, 242129
What are the prime factors of 30245001?
3, 653, 15439
List the prime factors of 290436185.
5, 13, 19, 235171
What are the prime factors of 1073468160?
2, 3, 5, 89, 349
List the prime factors of 234681280.
2, 5, 293, 2503
What are the prime factors of 1349221235?
5, 17, 41, 387151
What are the prime factors of 1092156421?
1092156421
List the prime factors of 56799528.
2, 3, 2366647
What are the prime factors of 54648636?
2, 3, 7, 19, 97, 353
List the prime factors of 26815502.
2, 7, 821, 2333
What are the prime factors of 4190182571?
4190182571
List the prime factors of 1787626676.
2, 11, 3319, 12241
List the prime factors of 134422821.
3, 13, 127657
List the prime factors of 1698739538.
2, 433, 1961593
List the prime factors of 1542512393.
33289, 46337
List the prime factors of 224194049.
224194049
What are the prime factors of 1240892222?
2, 613, 1012147
List the prime factors of 262754250.
2, 3, 5, 11, 31849
What are the prime factors of 203843020?
2, 5, 19, 23, 83, 281
List the prime factors of 726564715.
5, 431, 337153
What are the prime factors of 495384214?
2, 13, 19053239
List the prime factors of 2379182722.
2, 7, 2203, 77141
What are the prime factors of 3740845599?
3, 163, 421, 673
List the prime factors of 282961013.
557, 508009
List the prime factors of 114236348.
2, 199, 143513
What are the prime factors of 69087558?
2, 3, 17, 823
List the prime factors of 1913099844.
2, 3, 47, 3392021
List the prime factors of 102641418.
2, 3, 11, 239, 241
What are the prime factors of 53444874?
2, 3, 7, 643, 1979
List the prime factors of 322486929.
3, 1789, 20029
What are the prime factors of 2361181418?
2, 37, 31907857
What are the prime factors of 54285762?
2, 3, 9047627
What are the prime factors of 2579222144?
2, 1607, 12539
List the prime factors of 26634547.
59, 107, 4219
What are the prime factors of 636001886?
2, 13, 24461611
What are the prime factors of 1318991558?
2, 2917, 226087
What are the prime factors of 89487139?
7, 12783877
What are the prime factors of 82953290?
2, 5, 7, 61, 19427
List the prime factors of 573713045.
5, 293, 391613
List the prime factors of 57935122.
2, 7, 4138223
List the prime factors of 283069147.
283069147
What are the prime factors of 107715199?
19, 5669221
What are the prime factors of 1290202679?
1031, 1251409
What are the prime factors of 395919023?
47, 2843, 2963
What are the prime factors of 62070713?
1231, 50423
What are the prime factors of 107979227?
23, 4694749
What are the prime factors of 36748226?
2, 18374113
List the prime factors of 315011573.
233, 1351981
List the prime factors of 5996955359.
5996955359
List the prime factors of 244228471.
244228471
List the prime factors of 775740796.
2, 523, 370813
What are the prime factors of 130617218?
2, 29, 131, 17191
What are the prime factors of 1186669893?
3, 395556631
List the prime factors of 5190055770.
2, 3, 5, 19, 9105361
List the prime factors of 63203576.
2, 19, 163, 2551
What are the prime factors of 65627281?
65627281
List the prime factors of 160638840.
2, 3, 5, 409, 1091
List the prime factors of 1149331460.
2, 5, 57466573
What are the prime factors of 4369416886?
2, 2184708443
List the prime factors of 4117081270.
2, 5, 853, 482659
What are the prime factors of 30131015?
5, 6026203
List the prime factors of 68426582.
2, 7, 89, 54917
List the prime factors of 2572536721.
2689, 956689
List the prime factors of 240237841.
3499, 68659
List the prime factors of 460707838.
2, 230353919
What are the prime factors of 567034176?
2, 3, 19, 37, 4201
What are the prime factors of 2006117?
937, 2141
What are the prime factors of 356645771?
17, 83, 252761
What are the prime factors of 97330546?
2, 48665273
What are the prime factors of 10594096?
2, 19, 34849
List the prime factors of 31533571.
31533571
What are the prime factors of 134084521?
59, 2272619
What are the prime factors of 90275831?
17, 5310343
What are the prime factors of 2254732308?
2, 3, 20877151
What are the prime factors of 1447632869?
1447632869
What are the prime factors of 639649097?
639649097
What are the prime factors of 27461571?
3, 9153857
List the prime factors of 8020849.
29, 276581
List the prime factors of 40488565.
5, 13, 622901
What are the prime factors of 151161433?
17, 457, 19457
List the prime factors of 2150563913.
37, 47, 1236667
List the prime factors of 116683299.
3, 12964811
List the prime factors of 293032713.
3, 353, 276707
What are the prime factors of 29752286?
2, 1979, 7517
What are the prime factors of 69286212?
2, 3, 23, 27893
What are the prime factors of 579581562?
2, 3, 7, 601, 22961
List the prime factors of 30204512.
2, 13, 17, 4271
What are the prime factors of 236003767?
236003767
List the prime factors of 3637153.
13, 127, 2203
List the prime factors of 1073777228.
2, 47, 121523
List the prime factors of 1337820874.
2, 13, 109, 547, 863
What are the prime factors of 111441959?
163, 683693
List the prime factors of 4001641540.
2, 5, 13, 15390929
List the prime factors of 1337547412.
2, 7013, 47681
List the prime factors of 873941829.
3, 47, 6198169
What are the prime factors of 530891038?
2, 47, 1489, 3793
List the prime factors of 75795249.
3, 811, 31153
What are the prime factors of 5391237159?
3, 7, 11, 59, 11987
List the prime factors of 276287335.
5, 7351, 7517
List the prime factors of 614630318.
2, 307315159
List the prime factors of 362181512.
2, 7, 11, 397, 1481
What are the prime factors of 1572531875?
5, 17, 47, 67
What are the prime factors of 36649048?
2, 79, 103, 563
List the prime factors of 87026922.
2, 3, 4834829
What are the prime factors of 435992840?
2, 5, 53, 205657
What are the prime factors of 194251686?
2, 3, 29, 41, 73, 373
What are the prime factors of 2425260?
2, 3, 5, 83, 487
What are the prime factors of 93000710?
2, 5, 11, 17, 41, 1213
List the prime factors of 138920003.
138920003
What are the prime factors of 1340771136?
2, 3, 149, 46867
List the prime factors of 209891680.
2, 5, 197, 6659
What are the prime factors of 176831469?
3, 263, 74707
What are the prime factors of 1562825555?
5, 17, 18386183
What are the prime factors of 31413616?
2, 13, 151027
List the prime factors of 82309663.
23, 3578681
List the prime factors